{"id":29,"date":"2025-09-25T12:13:31","date_gmt":"2025-09-25T12:13:31","guid":{"rendered":"https:\/\/alkaliastudio.com\/?page_id=29"},"modified":"2026-01-11T17:55:43","modified_gmt":"2026-01-11T17:55:43","slug":"galeria-wykonczenia","status":"publish","type":"page","link":"https:\/\/alkaliastudio.com\/index.php\/galeria-wykonczenia\/","title":{"rendered":"Galeria &#8211; Remonty"},"content":{"rendered":"\n<div style=\"height:var(--wp--preset--spacing--50)\" aria-hidden=\"true\" class=\"wp-block-spacer\"><\/div>\n\n\n\n<div class=\"wp-block-group alignwide has-global-padding is-layout-constrained wp-block-group-is-layout-constrained\">\n<figure class=\"wp-block-pullquote\"><blockquote><p>Us\u0142ugi remontowe<\/p><cite>Galeria moich realizacji pokazuje, \u017ce ka\u017cde wn\u0119trze mo\u017ce by\u0107 wyj\u0105tkowe. Zobacz przyk\u0142ady prac, kt\u00f3re wykona\u0142em dla moich klient\u00f3w.<\/cite><\/blockquote><\/figure>\n<\/div>\n\n\n\n<div class=\"wp-block-group alignfull has-global-padding is-layout-constrained wp-container-core-group-is-layout-b25ccd55 wp-block-group-is-layout-constrained\" style=\"margin-top:0;margin-bottom:0;padding-top:var(--wp--preset--spacing--50);padding-right:var(--wp--preset--spacing--50);padding-bottom:var(--wp--preset--spacing--50);padding-left:var(--wp--preset--spacing--50)\">\n<div class=\"wp-block-columns alignwide is-layout-flex wp-container-core-columns-is-layout-ff4b9c61 wp-block-columns-is-layout-flex\" style=\"margin-top:0;margin-bottom:0\">\n<div class=\"wp-block-column is-layout-flow wp-container-core-column-is-layout-8a368f38 wp-block-column-is-layout-flow\">\n<figure class=\"wp-block-image size-large is-style-rounded is-style-rounded--1\"><img loading=\"lazy\" decoding=\"async\" width=\"768\" height=\"1024\" src=\"https:\/\/alkaliastudio.com\/wp-content\/uploads\/2025\/09\/szpachle-768x1024.jpeg\" alt=\"\" class=\"wp-image-30\" style=\"aspect-ratio:4\/3;object-fit:cover\" srcset=\"https:\/\/alkaliastudio.com\/wp-content\/uploads\/2025\/09\/szpachle-768x1024.jpeg 768w, https:\/\/alkaliastudio.com\/wp-content\/uploads\/2025\/09\/szpachle-225x300.jpeg 225w, https:\/\/alkaliastudio.com\/wp-content\/uploads\/2025\/09\/szpachle-1152x1536.jpeg 1152w, https:\/\/alkaliastudio.com\/wp-content\/uploads\/2025\/09\/szpachle.jpeg 1200w\" sizes=\"auto, (max-width: 768px) 100vw, 768px\" \/><\/figure>\n\n\n\n<div style=\"height:var(--wp--preset--spacing--50)\" aria-hidden=\"true\" class=\"wp-block-spacer\"><\/div>\n\n\n\n<figure class=\"wp-block-image size-large is-style-rounded is-style-rounded--2\"><img loading=\"lazy\" decoding=\"async\" width=\"768\" height=\"1024\" src=\"https:\/\/alkaliastudio.com\/wp-content\/uploads\/2025\/09\/lazienka_meble-plytki-768x1024.jpeg\" alt=\"\" class=\"wp-image-34\" style=\"aspect-ratio:3\/4;object-fit:cover\" srcset=\"https:\/\/alkaliastudio.com\/wp-content\/uploads\/2025\/09\/lazienka_meble-plytki-768x1024.jpeg 768w, https:\/\/alkaliastudio.com\/wp-content\/uploads\/2025\/09\/lazienka_meble-plytki-225x300.jpeg 225w, https:\/\/alkaliastudio.com\/wp-content\/uploads\/2025\/09\/lazienka_meble-plytki-1152x1536.jpeg 1152w, https:\/\/alkaliastudio.com\/wp-content\/uploads\/2025\/09\/lazienka_meble-plytki.jpeg 1200w\" sizes=\"auto, (max-width: 768px) 100vw, 768px\" \/><\/figure>\n\n\n\n<div style=\"height:var(--wp--preset--spacing--50)\" aria-hidden=\"true\" class=\"wp-block-spacer\"><\/div>\n\n\n<\/div>\n\n\n\n<div class=\"wp-block-column is-layout-flow wp-container-core-column-is-layout-8a368f38 wp-block-column-is-layout-flow\">\n<div style=\"height:var(--wp--preset--spacing--50)\" aria-hidden=\"true\" class=\"wp-block-spacer\"><\/div>\n\n\n\n<figure class=\"wp-block-image size-large is-style-rounded is-style-rounded--4\"><img loading=\"lazy\" decoding=\"async\" width=\"768\" height=\"1024\" src=\"https:\/\/alkaliastudio.com\/wp-content\/uploads\/2025\/09\/szpachle_2-768x1024.jpeg\" alt=\"\" class=\"wp-image-31\" style=\"aspect-ratio:3\/4;object-fit:cover\" srcset=\"https:\/\/alkaliastudio.com\/wp-content\/uploads\/2025\/09\/szpachle_2-768x1024.jpeg 768w, https:\/\/alkaliastudio.com\/wp-content\/uploads\/2025\/09\/szpachle_2-225x300.jpeg 225w, https:\/\/alkaliastudio.com\/wp-content\/uploads\/2025\/09\/szpachle_2-1152x1536.jpeg 1152w, https:\/\/alkaliastudio.com\/wp-content\/uploads\/2025\/09\/szpachle_2.jpeg 1200w\" sizes=\"auto, (max-width: 768px) 100vw, 768px\" \/><\/figure>\n\n\n\n<div style=\"height:var(--wp--preset--spacing--50)\" aria-hidden=\"true\" class=\"wp-block-spacer\"><\/div>\n\n\n\n<figure class=\"wp-block-image size-large is-style-rounded is-style-rounded--5\"><img loading=\"lazy\" decoding=\"async\" width=\"768\" height=\"1024\" src=\"https:\/\/alkaliastudio.com\/wp-content\/uploads\/2025\/09\/lazienka_prysznic_plytki-768x1024.jpeg\" alt=\"\" class=\"wp-image-35\" style=\"aspect-ratio:1;object-fit:cover\" srcset=\"https:\/\/alkaliastudio.com\/wp-content\/uploads\/2025\/09\/lazienka_prysznic_plytki-768x1024.jpeg 768w, https:\/\/alkaliastudio.com\/wp-content\/uploads\/2025\/09\/lazienka_prysznic_plytki-225x300.jpeg 225w, https:\/\/alkaliastudio.com\/wp-content\/uploads\/2025\/09\/lazienka_prysznic_plytki-1152x1536.jpeg 1152w, https:\/\/alkaliastudio.com\/wp-content\/uploads\/2025\/09\/lazienka_prysznic_plytki.jpeg 1200w\" sizes=\"auto, (max-width: 768px) 100vw, 768px\" \/><\/figure>\n\n\n\n<div style=\"height:var(--wp--preset--spacing--50)\" aria-hidden=\"true\" class=\"wp-block-spacer\"><\/div>\n\n\n<\/div>\n\n\n\n<div class=\"wp-block-column is-layout-flow wp-container-core-column-is-layout-8a368f38 wp-block-column-is-layout-flow\">\n<figure class=\"wp-block-image size-large is-style-rounded is-style-rounded--7\"><img loading=\"lazy\" decoding=\"async\" width=\"768\" height=\"1024\" src=\"https:\/\/alkaliastudio.com\/wp-content\/uploads\/2025\/09\/toaleta_plytki_2-768x1024.jpeg\" alt=\"\" class=\"wp-image-32\" style=\"aspect-ratio:3\/4;object-fit:cover\" srcset=\"https:\/\/alkaliastudio.com\/wp-content\/uploads\/2025\/09\/toaleta_plytki_2-768x1024.jpeg 768w, https:\/\/alkaliastudio.com\/wp-content\/uploads\/2025\/09\/toaleta_plytki_2-225x300.jpeg 225w, https:\/\/alkaliastudio.com\/wp-content\/uploads\/2025\/09\/toaleta_plytki_2-1152x1536.jpeg 1152w, https:\/\/alkaliastudio.com\/wp-content\/uploads\/2025\/09\/toaleta_plytki_2.jpeg 1200w\" sizes=\"auto, (max-width: 768px) 100vw, 768px\" \/><\/figure>\n\n\n\n<div style=\"height:var(--wp--preset--spacing--50)\" aria-hidden=\"true\" class=\"wp-block-spacer\"><\/div>\n\n\n\n<figure class=\"wp-block-image size-large is-style-rounded is-style-rounded--8\"><img loading=\"lazy\" decoding=\"async\" width=\"768\" height=\"1024\" src=\"https:\/\/alkaliastudio.com\/wp-content\/uploads\/2026\/01\/WhatsApp-Image-2026-01-11-at-18.49.42-2-768x1024.jpeg\" alt=\"\" class=\"wp-image-162\" style=\"aspect-ratio:3\/4;object-fit:cover\" srcset=\"https:\/\/alkaliastudio.com\/wp-content\/uploads\/2026\/01\/WhatsApp-Image-2026-01-11-at-18.49.42-2-768x1024.jpeg 768w, https:\/\/alkaliastudio.com\/wp-content\/uploads\/2026\/01\/WhatsApp-Image-2026-01-11-at-18.49.42-2-225x300.jpeg 225w, https:\/\/alkaliastudio.com\/wp-content\/uploads\/2026\/01\/WhatsApp-Image-2026-01-11-at-18.49.42-2-1152x1536.jpeg 1152w, https:\/\/alkaliastudio.com\/wp-content\/uploads\/2026\/01\/WhatsApp-Image-2026-01-11-at-18.49.42-2.jpeg 1200w\" sizes=\"auto, (max-width: 768px) 100vw, 768px\" \/><\/figure>\n\n\n\n<div style=\"height:var(--wp--preset--spacing--50)\" aria-hidden=\"true\" class=\"wp-block-spacer\"><\/div>\n\n\n<\/div>\n\n\n\n<div class=\"wp-block-column is-layout-flow wp-container-core-column-is-layout-8a368f38 wp-block-column-is-layout-flow\">\n<div style=\"height:var(--wp--preset--spacing--50)\" aria-hidden=\"true\" class=\"wp-block-spacer\"><\/div>\n\n\n\n<figure class=\"wp-block-image size-large is-style-rounded is-style-rounded--10\"><img loading=\"lazy\" decoding=\"async\" width=\"768\" height=\"1024\" src=\"https:\/\/alkaliastudio.com\/wp-content\/uploads\/2025\/09\/toaleta_plytki_1-768x1024.jpeg\" alt=\"\" class=\"wp-image-33\" style=\"aspect-ratio:1;object-fit:cover\" srcset=\"https:\/\/alkaliastudio.com\/wp-content\/uploads\/2025\/09\/toaleta_plytki_1-768x1024.jpeg 768w, https:\/\/alkaliastudio.com\/wp-content\/uploads\/2025\/09\/toaleta_plytki_1-225x300.jpeg 225w, https:\/\/alkaliastudio.com\/wp-content\/uploads\/2025\/09\/toaleta_plytki_1-1152x1536.jpeg 1152w, https:\/\/alkaliastudio.com\/wp-content\/uploads\/2025\/09\/toaleta_plytki_1.jpeg 1200w\" sizes=\"auto, (max-width: 768px) 100vw, 768px\" \/><\/figure>\n\n\n\n<div style=\"height:var(--wp--preset--spacing--50)\" aria-hidden=\"true\" class=\"wp-block-spacer\"><\/div>\n\n\n\n\n\n<div style=\"height:var(--wp--preset--spacing--50)\" aria-hidden=\"true\" class=\"wp-block-spacer\"><\/div>\n\n\n<\/div>\n<\/div>\n<\/div>\n\n\n<nav class=\"is-responsive wp-block-navigation is-layout-flex wp-block-navigation-is-layout-flex\" aria-label=\"Navigation\" \n\t\t data-wp-interactive=\"core\/navigation\" data-wp-context='{\"overlayOpenedBy\":{\"click\":false,\"hover\":false,\"focus\":false},\"type\":\"overlay\",\"roleAttribute\":\"\",\"ariaLabel\":\"Menu\"}'><button aria-haspopup=\"dialog\" aria-label=\"Open menu\" class=\"wp-block-navigation__responsive-container-open\" \n\t\t\t\tdata-wp-on--click=\"actions.openMenuOnClick\"\n\t\t\t\tdata-wp-on--keydown=\"actions.handleMenuKeydown\"\n\t\t\t><svg width=\"24\" height=\"24\" xmlns=\"http:\/\/www.w3.org\/2000\/svg\" viewBox=\"0 0 24 24\" aria-hidden=\"true\" focusable=\"false\"><path d=\"M4 7.5h16v1.5H4z\"><\/path><path d=\"M4 15h16v1.5H4z\"><\/path><\/svg><\/button>\n\t\t\t\t<div class=\"wp-block-navigation__responsive-container\"  id=\"modal-13\" \n\t\t\t\tdata-wp-class--has-modal-open=\"state.isMenuOpen\"\n\t\t\t\tdata-wp-class--is-menu-open=\"state.isMenuOpen\"\n\t\t\t\tdata-wp-watch=\"callbacks.initMenu\"\n\t\t\t\tdata-wp-on--keydown=\"actions.handleMenuKeydown\"\n\t\t\t\tdata-wp-on--focusout=\"actions.handleMenuFocusout\"\n\t\t\t\ttabindex=\"-1\"\n\t\t\t>\n\t\t\t\t\t<div class=\"wp-block-navigation__responsive-close\" tabindex=\"-1\">\n\t\t\t\t\t\t<div class=\"wp-block-navigation__responsive-dialog\" \n\t\t\t\tdata-wp-bind--aria-modal=\"state.ariaModal\"\n\t\t\t\tdata-wp-bind--aria-label=\"state.ariaLabel\"\n\t\t\t\tdata-wp-bind--role=\"state.roleAttribute\"\n\t\t\t>\n\t\t\t\t\t\t\t<button aria-label=\"Close menu\" class=\"wp-block-navigation__responsive-container-close\" \n\t\t\t\tdata-wp-on--click=\"actions.closeMenuOnClick\"\n\t\t\t><svg xmlns=\"http:\/\/www.w3.org\/2000\/svg\" viewBox=\"0 0 24 24\" width=\"24\" height=\"24\" aria-hidden=\"true\" focusable=\"false\"><path d=\"m13.06 12 6.47-6.47-1.06-1.06L12 10.94 5.53 4.47 4.47 5.53 10.94 12l-6.47 6.47 1.06 1.06L12 13.06l6.47 6.47 1.06-1.06L13.06 12Z\"><\/path><\/svg><\/button>\n\t\t\t\t\t\t\t<div class=\"wp-block-navigation__responsive-container-content\" \n\t\t\t\tdata-wp-watch=\"callbacks.focusFirstElement\"\n\t\t\t id=\"modal-13-content\">\n\t\t\t\t\t\t\t\t<ul class=\"wp-block-navigation__container is-responsive wp-block-navigation\"><li class=\" wp-block-navigation-item wp-block-navigation-link\"><a class=\"wp-block-navigation-item__content\"  href=\"https:\/\/alkaliastudio.com\/index.php\/galeria-wykonczenia\/\"><span class=\"wp-block-navigation-item__label\">Galeria \u2013 Remonty<\/span><\/a><\/li><li class=\" wp-block-navigation-item wp-block-navigation-link\"><a class=\"wp-block-navigation-item__content\"  href=\"https:\/\/alkaliastudio.com\/index.php\/galeria-meble\/\"><span class=\"wp-block-navigation-item__label\">Galeria \u2013 Meble<\/span><\/a><\/li><li class=\" wp-block-navigation-item wp-block-navigation-link\"><a class=\"wp-block-navigation-item__content\"  href=\"https:\/\/alkaliastudio.com\/?page_id=75\"><span class=\"wp-block-navigation-item__label\">Kontakt<\/span><\/a><\/li><\/ul>\n\t\t\t\t\t\t\t<\/div>\n\t\t\t\t\t\t<\/div>\n\t\t\t\t\t<\/div>\n\t\t\t\t<\/div><\/nav>\n\n\n<p><\/p>\n","protected":false},"excerpt":{"rendered":"<p>Us\u0142ugi remontowe Galeria moich realizacji pokazuje, \u017ce ka\u017cde wn\u0119trze mo\u017ce by\u0107 wyj\u0105tkowe. Zobacz przyk\u0142ady prac, kt\u00f3re wykona\u0142em dla moich klient\u00f3w.<\/p>\n","protected":false},"author":1,"featured_media":0,"parent":0,"menu_order":0,"comment_status":"closed","ping_status":"closed","template":"","meta":{"footnotes":""},"class_list":["post-29","page","type-page","status-publish","hentry"],"jetpack_sharing_enabled":true,"_links":{"self":[{"href":"https:\/\/alkaliastudio.com\/index.php\/wp-json\/wp\/v2\/pages\/29","targetHints":{"allow":["GET"]}}],"collection":[{"href":"https:\/\/alkaliastudio.com\/index.php\/wp-json\/wp\/v2\/pages"}],"about":[{"href":"https:\/\/alkaliastudio.com\/index.php\/wp-json\/wp\/v2\/types\/page"}],"author":[{"embeddable":true,"href":"https:\/\/alkaliastudio.com\/index.php\/wp-json\/wp\/v2\/users\/1"}],"replies":[{"embeddable":true,"href":"https:\/\/alkaliastudio.com\/index.php\/wp-json\/wp\/v2\/comments?post=29"}],"version-history":[{"count":5,"href":"https:\/\/alkaliastudio.com\/index.php\/wp-json\/wp\/v2\/pages\/29\/revisions"}],"predecessor-version":[{"id":163,"href":"https:\/\/alkaliastudio.com\/index.php\/wp-json\/wp\/v2\/pages\/29\/revisions\/163"}],"wp:attachment":[{"href":"https:\/\/alkaliastudio.com\/index.php\/wp-json\/wp\/v2\/media?parent=29"}],"curies":[{"name":"wp","href":"https:\/\/api.w.org\/{rel}","templated":true}]}}